(u) = -u**2 - 14*u + 31. Determine o(t).
16
Let z(k) = -k**2 + 11*k + 5. Let l be (-688)/(-301) + (-4)/14. Suppose 25*t - 21*t - l = -h, -19 = -3*h + t. Give z(h).
35
Let y(x) be the second derivative of 4*x - 3/4*x**4 - 1/720*x**6 + 0*x**2 + 0 + 0*x**3 - 1/24*x**5. Let r(p) be the third derivative of y(p). Give r(-6).
1
Let l(n) = 2*n - 7. Let u be 4/(24/(-27))*((-68)/6 - -12). Determine l(u).
-13
Suppose 15*r + 0*r = 6*r. Suppose -3*z + 6*z - 21 = 4*l, r = 5*z + 5. Let t(f) = f + 14. Calculate t(l).
8
Let i(t) be the first derivative of -t**3/3 + 8*t**2 - 65*t + 1205. Determine i(6).
-5
Suppose 121 - 139 = -2*x. Let c(j) = j**2 - 4*j - 42. Give c(x).
3
Let p(r) = -r**3 - 11*r**2 - 15*r + 31. Let j be 12*(15 - 1575/100). Calculate p(j).
4
Let n(w) = -3 + 9*w**2 + 6*w**2 - 13*w**2 - w. Let j = -6359 + 6359. What is n(j)?
-3
Suppose -5*d - 255 = -260. Let g(z) = 7*z - 42 + 14*z + 42. Calculate g(d).
21
Let j(r) = r**2 + 14*r - 3. Let g(l) = -2*l - 52. Let d be g(-9). Let h(o) = -o**2 - 37*o - 116. Let w be h(d). Determine j(w).
-3
Let s(r) = 14*r**2 + 91*r + 3. Let n(p) = -12*p**2 - 67*p - 3. Let k(f) = 4*n(f) + 3*s(f). What is k(3)?
-42
Let d(u) be the third derivative of u**5/60 + u**4/4 + u**3/6 - 2588*u**2. What is d(-1)?
-4
Let y(n) = -11*n**2 + 11*n**2 - 1 + 4*n + 2*n**3 - 5*n**2 + 0 - n**3. Give y(3).
-7
Let o(x) = -5*x**3 + 29*x**2 + 54*x + 72. Let r(d) = 9*d**3 - 57*d**2 - 108*d - 126. Let q(a) = 7*o(a) + 4*r(a). What is q(27)?
0
Let z(p) = -4*p**2 - 68*p + 146. Suppose 2945 = -431*v - 5244. Determine z(v).
-6
Let a(h) = -h**2 + 12*h - 5. Let t be a(12). Let j(z) = -1 - 6*z**3 - 4*z**2 + 5*z**3 + 62*z - 2 - 57*z. Determine j(t).
-3
Let d = -34 - -30. Let o be d/(-14) - 459/357. Let p(g) = 14*g. Determine p(o).
-14
Let s(i) be the second derivative of -11*i**3/2 + 245*i**2/2 + 4*i + 313. Give s(8).
-19
Let o(r) be the third derivative of r**6/120 - r**5/10 + r**4/4 - 2*r**3/3 + r**2. Suppose -g = -5, m + 2*g = 7*g + 706. Suppose m - 181 = 110*u. What is o(u)?
1
Let j(n) = -7*n - 24. Let h be j(-4). Suppose -1 = q, h*q + q = -2*g + 9. Let v(r) = r**2 - 9*r + 8. Calculate v(g).
-6
Let t(n) = -n**3 + 27*n**2 + 58*n + 8. Suppose -3*i + 102 = 5*v, -2*v = 10 - 16. What is t(i)?
8
Let c(s) = 330*s - 659. Let w be c(2). Let x(t) = 73*t + 2. Calculate x(w).
75
Let g(u) = -4*u**2 + 5*u**2 - 6*u - 4*u + 86 - 80. Let j(o) = -o**2 - 58*o - 102. Let h be j(-56). Give g(h).
6
Let t(x) = -8*x**2 + 29*x - 3. Let p(u) = -9*u**2 + 32*u - 2. Let h(b) = 7*p(b) - 8*t(b). Suppose o = -2*d + 3*o + 10, 3*d = -5*o + 31. What is h(d)?
3
Let u(d) be the third derivative of -d**4/2 - 29*d**3/2 - 573*d**2. What is u(-8)?
9
Suppose 28 = -0*s - 7*s. Let z be (-2 - 1)/(-3)*2. Let h(p) = -2*p**2 - z + 0*p**2 + p**2 + 2*p**2 + 3*p. Give h(s).
2
Let t(z) = -237*z**2 + z + 1 + 119*z**2 + 117*z**2. Suppose 0 = 3*i - 4 - 8. What is t(i)?
-11
Let j(p) = -7*p**2 - p - 3. Let w(g) = -16*g**2 - g - 8. Let b(t) = 7*j(t) - 3*w(t). Suppose 1 = -5*f + 11. Calculate b(f).
-9
Let a(f) be the first derivative of f**6/120 - 3*f**5/20 + f**4/4 - f**3/6 + 27*f**2 - 3*f - 103. Let n(o) be the second derivative of a(o). Calculate n(8).
-17
Suppose 2*g + 14 = -4*y + 50, -y = -g - 12. Let k(p) = 11*p - p**2 - 3*p**3 + 0*p**2 - y*p. Let t(c) = -c**3 + 19*c**2 + c - 18. Let v be t(19). Determine k(v).
-3
Suppose 0 = -2*j - 1 - 1. Let k(d) = -d**2 + 31*d + 107. Let a be k(34). Let x(h) = 0 + 4*h**3 + 4 - a - h + 2*h**2 - h**2. Give x(j).
-3
Suppose -4*l - 12 = -l. Let q be (-9)/(-15) - 2/(-5). Let u(g) = -39*g + 7. Let d(t) = 10*t - 1. Let c(i) = q*u(i) + 4*d(i). Calculate c(l).
-1
Let m(p) = 3*p + 2. Let u be ((-8)/(-6))/4 - (-28)/(-3). Let s be (-42)/u - (-14)/(-21). Give m(s).
14
Let w(m) = -4*m**3 + 13*m**2 - 33*m - 33. Let y(g) = -3*g**3 + 8*g**2 - 22*g - 22. Let h(f) = -5*w(f) + 7*y(f). Determine h(-10).
1
Let m(q) be the third derivative of 20*q**2 + 1/8*q**4 - 1/3*q**3 + 0*q + 1/360*q**6 + 1/24*q**5 + 0. Let i(v) be the first derivative of m(v). Calculate i(-3).
-3
Let z(m) = -10*m + 545. Let v = -9266 - -9320. Calculate z(v).
5
Let b(l) = -21*l + 70*l - 40 - 23*l - 21*l. Calculate b(7).
-5
Let o(a) = -22*a**2 + 10*a + 2. Let r(j) = 12*j**2 - 2*j + 1. Let x(i) = o(i) + 2*r(i). Give x(-7).
60
Let s(z) = -2*z**2 + 15*z - 5. Let d(x) be the first derivative of x**3/3 - 4*x**2 + 3*x + 2. Let b(w) = 7*d(w) + 4*s(w). Suppose 20 = 4*l + l. Give b(l).
1
Let s(k) be the second derivative of -k**5/20 + k**4/2 + 3*k**3/2 + 9*k - 285. Let x be 6/3 - (-1 - 7). Suppose -x = -p - 3. Determine s(p).
14
Let d(t) = -199404*t**3 - 45 + 5*t + 41*t**2 + 199407*t**3 - 23*t - 17. What is d(-14)?
-6
Let j(u) = -4*u - 4*u**3 - 11*u**2 - 13 + 2*u**3 + 15*u**2 + 3*u**3. What is j(-5)?
-18
Let b(t) = 2 - 2*t + t + 0 - 2*t**2 - 1. Let v be b(1). Let m(w) = 48*w - 190. Let s(r) = -10*r + 40. Let n(x) = 4*m(x) + 19*s(x). Give n(v).
-4
Let c = -45 - -47. Suppose c*s = 2*q - q + 6, 0 = q. Suppose -s*m + 3 = 0, v + 0*m + 3*m = 4. Let o(y) = y**3 + 2*y - 1. Calculate o(v).
2
Let j(z) = z**3 + 3*z**2 - 5*z + 5. Let x(p) = -60*p - 1977. Let t be x(-33). Determine j(t).
44
Suppose -d - 8*d + 18 = 0. Let f(m) = 9 + 13 - m**2 - d*m - 25. Determine f(-2).
-3
Let u(z) = 101 + 105 - z + 109 - 286. Give u(22).
7
Suppose -5*j + 2*u + 10 = 0, -3*u - 2 = -j - 2*u. Let q(k) = k**j + 4 + 0*k**2 + 0 + 2*k - 3*k. Suppose 4*g = -5*a - 5, 4*a = 5*g - 130 + 126. Determine q(g).
4
Let y(g) be the first derivative of -g**5/30 - g**4/8 + 73*g**3/3 + 61. Let v(q) be the third derivative of y(q). Calculate v(6).
-27
Let n(o) = -59 - 41 - 17 - 15*o + 50 - 15. Give n(-6).
8
Let s be (-324)/(-8)*(5 - -1). Suppose s = 7*i - 366. Let m = -80 + i. Let r(b) = -2*b - 1. Determine r(m).
-15
Let h = -184 + 199. Suppose a = -4*n + 5*a + 28, -3*n + h = -5*a. Let w(v) = -v**2 + 8*v. Give w(n).
-20
Let h(q) be the first derivative of 3*q**2 + 4/3*q**3 + 8*q - 64 - 1/4*q**4. What is h(6)?
-28
Let v = 8424 + -8403. Let p(g) = -3*g + 69. Give p(v).
6
Suppose -4*h + 40 = 3*f - 5*f, -5*f + 10 = 0. Suppose -2*x - h = p, -2*p + 3*x + 10 = 3*p. Let z(q) = -14*q**3 + q. Give z(p).
13
Let u(a) = -7*a**2 + a**3 + 6*a + 0*a**3 + 130038 - 130023. What is u(5)?
-5
Suppose -3*k + 4*j = -17, -5*k + k + 2*j + 36 = 0. Suppose k = 3*t + 2. Suppose 0 = -v + t*l + 2, -l - 20 = 4*v + l. Let c(h) = h**3 + 3*h**2. Determine c(v).
-16
Suppose w + 3*r = 57, 18*r - 15*r - 81 = -3*w. Let z(i) be the first derivative of i**2 - 29*i + 2. Give z(w).
-5
Let j(s) = s + 12. Let a be ((-1056)/(-84))/(-11)*21/(-2). Let f be ((210/a)/5)/((-6)/12). Calculate j(f).
5
Suppose -136*f + 214*f - 1170 = 0. Let v(w) = -2*w**3 + 29*w**2 + 14*w + 19. What is v(f)?
4
Let i(t) be the third derivative of -3*t**4/8 + 115*t**3/6 - 4*t**2 - 139*t + 2. What is i(0)?
115
Let y(w) = -25*w**3 - 5*w**2 + 22*w - 60. Let f(i) = 9*i**3 + i**2 - 8*i + 22. Let o(g) = 11*f(g) + 4*y(g). Let c be (-111)/12 + (-1)/(-4). Give o(c).
2
Let x(h) be the second derivative of h**4/12 - 2*h**3/3 + 3*h**2/2 + 36*h. Suppose 0 = 3*k - 2*k - 6. Suppose -4*s + 2 = -k. What is x(s)?
-1
Let o(v) = -3*v + 9. Let t(q) = 4*q - 11. Let w(b) = -3*o(b) - 2*t(b). Suppose 0 = -30*u + 22*u + 40. Give w(u).
0
Let j(b) = -4 - 3*b - 11*b**2 + 2*b - b**3 - 10*b. Let l(q) = 14*q + 2*q**3 - 9 - 10 - 27*q**2 - 4. Let w be l(13). Determine j(w).
6
Let g(b) be the second derivative of -1/6*b**3 - 15*b + 3/2*b**2 + 1/12*b**4 + 0. Suppose 3*q = -2*w + 1, 2*q + 0*q + 14 = -5*w. Calculate g(q).
9
Suppose -26*c = -52 - 0. Let y(m) = 9 + 0*m + 8*m**3 + 2 - 10 - m + m**c + 2*m**3. Calculate y(1).
11
Let r(s) = -9*s**3 + 2*s**2 + 3*s + 2. Suppose 0 = 4*z - 2*i + 1450, 0*i + 3*i - 1086 = 3*z. Let x = 362 + z. Determine r(x).
10
Suppose 9*n = 8*n + 2. Let s(i) = -i**3 + 12*i - 5*i**n + 7 + 13*i - 17*i. Let t be s(-6). Let j(y) = -y - 1. Calculate j(t).
4
Let a(o) = o + 16. Let r = -5 - 6. Let p be a(r). Let f(k) = 3*k**2 - 10*k + 29. Let i(y) = 2*y**2 - 7*y + 19. Let s(b) = -5*f(b) + 8*i(b). Give s(p).
2
Let k(g) be the third derivative of -1/120*g**6 + 0 + 0*g - 1/60*g**5 + 25/6*g**3 + 0*g**4 + g**2. Determine k(0).
25
Let w(h) = -33*h - 2 + 4 + 0 - 65*h + 7*h. Calculate w(-1).
93
Let s(a) = a**3 - a**2 - 19*a + 6. Let t be s(-4). Let r = 14 - 7. Suppose q - t 